{"id":38,"date":"2011-10-23T15:13:12","date_gmt":"2011-10-23T13:13:12","guid":{"rendered":"http:\/\/78.47.122.146\/?page_id=38"},"modified":"2016-05-31T13:23:08","modified_gmt":"2016-05-31T11:23:08","slug":"hinweis","status":"publish","type":"page","link":"https:\/\/eitboard.fs04.de\/?page_id=38","title":{"rendered":"Impressum"},"content":{"rendered":"<p><strong>Verantwortlich f\u00fcr den Inhalt gem\u00e4\u00df \u00a7 5 TMG:<\/strong><br \/>\nFachschaft 04<br \/>\nLothstra\u00dfe 64<br \/>\n80335 M\u00fcnchen<\/p>\n<p>Mail: admin@fs04.ee.hm.edu<\/p>\n<h2>Eine kleine Bitte<\/h2>\n<p>Aus zeitlichen Gr\u00fcnden k\u00f6nnen wir dir leider keine pers\u00f6nliche Nachhilfe anbieten. Aus diesem Grund w\u00e4ren wir dir sehr verbunden, von Anfragen wie &#8222;Kannst du mir bitte erkl\u00e4ren wie man auf das und das Ergebnis kommt&#8230;bla bla bla&#8220; abzusehen. Danke f\u00fcr dein Verst\u00e4ndnis.<\/p>\n<h2>Verantwortlicher<\/h2>\n<p>Es handelt sich hierbei um keine offizielle Seite der <a href=\"http:\/\/www.ee.hm.edu\" target=\"_blank\">Hochschule M\u00fcnchen<\/a>, sodass f\u00fcr den hier vorliegenden Inhalt ausschlie\u00dflich die Administratoren verantwortlich sind.<\/p>\n<h2>Unterlagen<\/h2>\n<p>Leider k\u00f6nnen wir keine Garantie auf Vollst\u00e4ndigkeit und Richtigkeit f\u00fcr das bereitgestellte Material geben. Unsere eigenen Unterlagen sind nach bestem Gewissen verfasst und\/oder abgetippt. Ebenso schauen wir fremde Unterlagen genaustens durch, bevor wir sie online stellen. Wir sind stets sehr bem\u00fcht, Fehler schnellstm\u00f6glich zu korrigieren.<br \/>\nEbenso bitten wir um Verst\u00e4ndnis, dass es auf Grund von Copyright nicht immer erlaubt ist, \u00dcbungsbl\u00e4tter oder \u00e4hnliche Unterlagen online zu stellen.<\/p>\n<p>Bitte bedenke, dass es immer viele verschiedene L\u00f6sungswege zu den einzelnen Aufgaben gibt. Bei den hier ver\u00f6ffentlichten L\u00f6sungen handelt es sich nicht um die einzig richtigen L\u00f6sungen.<\/p>\n<p>Alle Dokumente, welche nicht unter dem Copyright des jeweiligen Dozenten stehen, stehen unter der <a href=\"http:\/\/www.gnu.org\/copyleft\/fdl.html\" target=\"_blank\">GNU Free Documentation License<\/a>.<\/p>\n<h2>Informationen und Termine<\/h2>\n<p>Informationen und Termine werden in der Regel immer unter Angabe der Quelle ver\u00f6ffentlicht. Der Status des Termins kann sich nach Bekanntgabe auf dem EIT Board noch \u00e4ndern, ohne das diese \u00c4nderung auf dem EIT Board ver\u00f6ffentlicht wird. Sofern m\u00f6glich, sollte sich jeder (z.B. mit Hilfe der Quellenangabe) selber nochmals informieren, um den aktuellen Status zu erhalten.<\/p>\n<h2>Kompatibilit\u00e4t<\/h2>\n<p>Der Inhalt dieser und aller anderen verkn\u00fcpften Seiten des EIT Boards sind f\u00fcr die Browser Firefox, Safari und Chrome optimiert. Auf den Internet Explorer wird nicht prim\u00e4r geachtet (sorry guys).<\/p>\n<h2>Eigene Meinung<\/h2>\n<p>Die hier dargestellten Meinungen und \u00c4u\u00dferungen spiegeln lediglich unsere eigene Meinung wider und stehen nicht repr\u00e4sentativ f\u00fcr alle Studenten.<\/p>\n<h2>Haftungsschluss<\/h2>\n<p>Trotz sorgf\u00e4ltiger inhaltlicher Kontrolle \u00fcbernehmen wir keine Haftung f\u00fcr die Inhalte externer Links. F\u00fcr den Inhalt der verlinkten Seiten sind ausschlie\u00dflich deren Betreiber verantwortlich.<\/p>\n<h2>Google Analytics<\/h2>\n<p>Diese Website benutzt Google Analytics, einen Webanalysedienst der Google Inc. (\u201eGoogle\u201c). Google Analytics verwendet sog. \u201eCookies\u201c, Textdateien, die auf Ihrem Computer gespeichert werden und die eine Analyse der Benutzung der Website durch Sie erm\u00f6glicht. Die durch den Cookie erzeugten Informationen \u00fcber Ihre Benutzung dieser Website (einschlie\u00dflich Ihrer IP-Adresse) wird an einen Server von Google in den USA \u00fcbertragen und dort gespeichert. Google wird diese Informationen benutzen, um Ihre Nutzung der Website auszuwerten, um Reports \u00fcber die Websiteaktivit\u00e4ten f\u00fcr die Websitebetreiber zusammenzustellen und um weitere mit der Websitenutzung und der Internetnutzung verbundene Dienstleistungen zu erbringen. Auch wird Google diese Informationen gegebenenfalls an Dritte \u00fcbertragen, sofern dies gesetzlich vorgeschrieben oder soweit Dritte diese Daten im Auftrag von Google verarbeiten. Google wird in keinem Fall Ihre IP-Adresse mit anderen Daten, die von Google gespeichert werden, in Verbindung bringen. Sie k\u00f6nnen die Installation der Cookies durch eine entsprechende Einstellung Ihrer Browser Software verhindern; wir weisen Sie jedoch darauf hin, dass Sie in diesem Fall gegebenenfalls nicht s\u00e4mtliche Funktionen dieser Website voll umf\u00e4nglich nutzen k\u00f6nnen. Durch die Nutzung dieser Website erkl\u00e4ren Sie sich mit der Bearbeitung der \u00fcber Sie erhobenen Daten durch Google in der zuvor beschriebenen Art und Weise und zu dem zuvor benannten Zweck einverstanden.<\/p>\n","protected":false},"excerpt":{"rendered":"<p>Verantwortlich f\u00fcr den Inhalt gem\u00e4\u00df \u00a7 5 TMG: Fachschaft 04 Lothstra\u00dfe 64 80335 M\u00fcnchen Mail: admin@fs04.ee.hm.edu Eine kleine Bitte Aus zeitlichen Gr\u00fcnden k\u00f6nnen wir dir leider keine pers\u00f6nliche Nachhilfe anbieten. Aus diesem Grund w\u00e4ren wir dir sehr verbunden, von Anfragen wie &#8222;Kannst du mir bitte erkl\u00e4ren wie man auf das und das Ergebnis kommt&#8230;bla bla [&hellip;]<\/p>\n","protected":false},"author":1,"featured_media":0,"parent":0,"menu_order":8,"comment_status":"closed","ping_status":"closed","template":"","meta":{"footnotes":""},"class_list":["post-38","page","type-page","status-publish","hentry"],"_links":{"self":[{"href":"https:\/\/eitboard.fs04.de\/index.php?rest_route=\/wp\/v2\/pages\/38","targetHints":{"allow":["GET"]}}],"collection":[{"href":"https:\/\/eitboard.fs04.de\/index.php?rest_route=\/wp\/v2\/pages"}],"about":[{"href":"https:\/\/eitboard.fs04.de\/index.php?rest_route=\/wp\/v2\/types\/page"}],"author":[{"embeddable":true,"href":"https:\/\/eitboard.fs04.de\/index.php?rest_route=\/wp\/v2\/users\/1"}],"replies":[{"embeddable":true,"href":"https:\/\/eitboard.fs04.de\/index.php?rest_route=%2Fwp%2Fv2%2Fcomments&post=38"}],"version-history":[{"count":8,"href":"https:\/\/eitboard.fs04.de\/index.php?rest_route=\/wp\/v2\/pages\/38\/revisions"}],"predecessor-version":[{"id":7651,"href":"https:\/\/eitboard.fs04.de\/index.php?rest_route=\/wp\/v2\/pages\/38\/revisions\/7651"}],"wp:attachment":[{"href":"https:\/\/eitboard.fs04.de\/index.php?rest_route=%2Fwp%2Fv2%2Fmedia&parent=38"}],"curies":[{"name":"wp","href":"https:\/\/api.w.org\/{rel}","templated":true}]}}